{"id":7776,"date":"2021-01-07T13:10:29","date_gmt":"2021-01-07T12:10:29","guid":{"rendered":"http:\/\/sulima.pl\/index.php\/cart\/"},"modified":"2024-01-22T15:43:48","modified_gmt":"2024-01-22T14:43:48","slug":"cart","status":"publish","type":"page","link":"https:\/\/en.sulima.eu\/index.php\/cart\/","title":{"rendered":"Shopping cart"},"content":{"rendered":"[woocommerce_cart]\n","protected":false},"excerpt":{"rendered":"[woocommerce_cart]","protected":false},"author":1,"featured_media":0,"parent":0,"menu_order":0,"comment_status":"closed","ping_status":"closed","template":"","meta":{"footnotes":""},"yoast_head":"<!-- This site is optimized with the Yoast SEO plugin v23.6 - https:\/\/yoast.com\/wordpress\/plugins\/seo\/ -->\n<title>Shopping cart - Sulima | Producent chemii dla domu i przemys\u0142u<\/title>\n<meta name=\"robots\" content=\"index, follow, max-snippet:-1, max-image-preview:large, max-video-preview:-1\" \/>\n<link rel=\"canonical\" href=\"https:\/\/en.sulima.eu\/index.php\/cart\/\" \/>\n<meta property=\"og:locale\" content=\"en_US\" \/>\n<meta property=\"og:type\" content=\"article\" \/>\n<meta property=\"og:title\" content=\"Shopping cart - Sulima | Producent chemii dla domu i przemys\u0142u\" \/>\n<meta property=\"og:url\" content=\"https:\/\/en.sulima.eu\/index.php\/cart\/\" \/>\n<meta property=\"og:site_name\" content=\"Sulima | Producent chemii dla domu i przemys\u0142u\" \/>\n<meta property=\"article:modified_time\" content=\"2024-01-22T14:43:48+00:00\" \/>\n<meta name=\"twitter:card\" content=\"summary_large_image\" \/>\n<script type=\"application\/ld+json\" class=\"yoast-schema-graph\">{\"@context\":\"https:\/\/schema.org\",\"@graph\":[{\"@type\":\"WebPage\",\"@id\":\"https:\/\/en.sulima.eu\/index.php\/cart\/\",\"url\":\"https:\/\/en.sulima.eu\/index.php\/cart\/\",\"name\":\"Shopping cart - Sulima | Producent chemii dla domu i przemys\u0142u\",\"isPartOf\":{\"@id\":\"https:\/\/de.sulima.eu\/#website\"},\"datePublished\":\"2021-01-07T12:10:29+00:00\",\"dateModified\":\"2024-01-22T14:43:48+00:00\",\"breadcrumb\":{\"@id\":\"https:\/\/en.sulima.eu\/index.php\/cart\/#breadcrumb\"},\"inLanguage\":\"en-US\",\"potentialAction\":[{\"@type\":\"ReadAction\",\"target\":[\"https:\/\/en.sulima.eu\/index.php\/cart\/\"]}]},{\"@type\":\"BreadcrumbList\",\"@id\":\"https:\/\/en.sulima.eu\/index.php\/cart\/#breadcrumb\",\"itemListElement\":[{\"@type\":\"ListItem\",\"position\":1,\"name\":\"Strona g\u0142\u00f3wna\",\"item\":\"https:\/\/en.sulima.eu\/\"},{\"@type\":\"ListItem\",\"position\":2,\"name\":\"Shopping cart\"}]},{\"@type\":\"WebSite\",\"@id\":\"https:\/\/de.sulima.eu\/#website\",\"url\":\"https:\/\/de.sulima.eu\/\",\"name\":\"Sulima | Producent chemii dla domu i przemys\u0142u\",\"description\":\"pasty \u017cele do mycia r\u0105k p\u0142yny koncentraty myj\u0105ce \u015brodki chemiczne\",\"potentialAction\":[{\"@type\":\"SearchAction\",\"target\":{\"@type\":\"EntryPoint\",\"urlTemplate\":\"https:\/\/de.sulima.eu\/?s={search_term_string}\"},\"query-input\":{\"@type\":\"PropertyValueSpecification\",\"valueRequired\":true,\"valueName\":\"search_term_string\"}}],\"inLanguage\":\"en-US\"}]}<\/script>\n<!-- \/ Yoast SEO plugin. -->","yoast_head_json":{"title":"Shopping cart - Sulima | Producent chemii dla domu i przemys\u0142u","robots":{"index":"index","follow":"follow","max-snippet":"max-snippet:-1","max-image-preview":"max-image-preview:large","max-video-preview":"max-video-preview:-1"},"canonical":"https:\/\/en.sulima.eu\/index.php\/cart\/","og_locale":"en_US","og_type":"article","og_title":"Shopping cart - Sulima | Producent chemii dla domu i przemys\u0142u","og_url":"https:\/\/en.sulima.eu\/index.php\/cart\/","og_site_name":"Sulima | Producent chemii dla domu i przemys\u0142u","article_modified_time":"2024-01-22T14:43:48+00:00","twitter_card":"summary_large_image","schema":{"@context":"https:\/\/schema.org","@graph":[{"@type":"WebPage","@id":"https:\/\/en.sulima.eu\/index.php\/cart\/","url":"https:\/\/en.sulima.eu\/index.php\/cart\/","name":"Shopping cart - Sulima | Producent chemii dla domu i przemys\u0142u","isPartOf":{"@id":"https:\/\/de.sulima.eu\/#website"},"datePublished":"2021-01-07T12:10:29+00:00","dateModified":"2024-01-22T14:43:48+00:00","breadcrumb":{"@id":"https:\/\/en.sulima.eu\/index.php\/cart\/#breadcrumb"},"inLanguage":"en-US","potentialAction":[{"@type":"ReadAction","target":["https:\/\/en.sulima.eu\/index.php\/cart\/"]}]},{"@type":"BreadcrumbList","@id":"https:\/\/en.sulima.eu\/index.php\/cart\/#breadcrumb","itemListElement":[{"@type":"ListItem","position":1,"name":"Strona g\u0142\u00f3wna","item":"https:\/\/en.sulima.eu\/"},{"@type":"ListItem","position":2,"name":"Shopping cart"}]},{"@type":"WebSite","@id":"https:\/\/de.sulima.eu\/#website","url":"https:\/\/de.sulima.eu\/","name":"Sulima | Producent chemii dla domu i przemys\u0142u","description":"pasty \u017cele do mycia r\u0105k p\u0142yny koncentraty myj\u0105ce \u015brodki chemiczne","potentialAction":[{"@type":"SearchAction","target":{"@type":"EntryPoint","urlTemplate":"https:\/\/de.sulima.eu\/?s={search_term_string}"},"query-input":{"@type":"PropertyValueSpecification","valueRequired":true,"valueName":"search_term_string"}}],"inLanguage":"en-US"}]}},"_links":{"self":[{"href":"https:\/\/en.sulima.eu\/index.php\/wp-json\/wp\/v2\/pages\/7776"}],"collection":[{"href":"https:\/\/en.sulima.eu\/index.php\/wp-json\/wp\/v2\/pages"}],"about":[{"href":"https:\/\/en.sulima.eu\/index.php\/wp-json\/wp\/v2\/types\/page"}],"author":[{"embeddable":true,"href":"https:\/\/en.sulima.eu\/index.php\/wp-json\/wp\/v2\/users\/1"}],"replies":[{"embeddable":true,"href":"https:\/\/en.sulima.eu\/index.php\/wp-json\/wp\/v2\/comments?post=7776"}],"version-history":[{"count":0,"href":"https:\/\/en.sulima.eu\/index.php\/wp-json\/wp\/v2\/pages\/7776\/revisions"}],"wp:attachment":[{"href":"https:\/\/en.sulima.eu\/index.php\/wp-json\/wp\/v2\/media?parent=7776"}],"curies":[{"name":"wp","href":"https:\/\/api.w.org\/{rel}","templated":true}]}}